{"id":3,"date":"2019-07-05T12:55:30","date_gmt":"2019-07-05T10:55:30","guid":{"rendered":"https:\/\/radomiak.pl\/sklep\/?page_id=3"},"modified":"2023-11-15T13:57:51","modified_gmt":"2023-11-15T12:57:51","slug":"polityka-prywatnosci","status":"publish","type":"page","link":"https:\/\/radomiak.sklep.pl\/?page_id=3","title":{"rendered":"Polityka prywatno\u015bci"},"content":{"rendered":"<p><strong>INFORMACJA O PRZETWARZANIU DANYCH OSOBOWYCH<\/strong><\/p><p>Szanowni Klienci, Pa\u0144stwa prywatno\u015b\u0107 jest dla nas bardzo wa\u017cna. Rozumiemy, jak wa\u017cna jest ochrona Pa\u0144stwa danych osobowych w zgodzie z Rozporz\u0105dzeniem Parlamentu Europejskiego i Rady (UE) 2016\/679 z dnia 27 kwietnia 2016 r. w sprawie ochrony os\u00f3b fizycznych w zwi\u0105zku z przetwarzaniem danych osobowych i w sprawie swobodnego przep\u0142ywu takich danych znane powszechnie jako rozporz\u0105dzenie RODO lub GDPR.<\/p><p>Pa\u0144stwa dane osobowe zostaj\u0105 podane dobrowolnie za po\u015brednictwem dowolnego \u015brodka komunikacji (zg\u0142oszenie przez internet, telefon, poczta tradycyjna, e-mail, spotkania bezpo\u015brednie, wszelkie kana\u0142y medi\u00f3w spo\u0142eczno\u015bciowych, komunikatory internetowe i inne) w celach biznesowych. Podane dane osobowe s\u0105 zapisane w u\u017cywanym przez MSI systemie klasy ERP (Enterprise Resource Planning) s\u0142u\u017c\u0105cym m. in. do zarz\u0105dzania kontaktami z aktualnymi i potencjalnymi kontrahentami.<\/p><p>Niniejszy dokument jest wype\u0142nieniem obowi\u0105zku ci\u0105\u017c\u0105cego na firmie MSI w zwi\u0105zku w rozporz\u0105dzeniem RODO.<\/p><p><strong>\u00a71 Administrator danych osobowych<\/strong><\/p><p>Dzia\u0142alno\u015b\u0107 gospodarcza wpisana do Centralnej Ewidencji i Informacji o Dzia\u0142alno\u015bci Gospodarczej (CEIDG) prowadzonej przez ministra w\u0142a\u015bciwego ds. gospodarki pod numerem NIP 948-247-53-43 jest Administratorem nast\u0119puj\u0105cych Pani\/Pana danych osobowych: imi\u0119 i nazwisko, adres e-mail, telefon, adres zamieszkania.<\/p><p><strong>\u00a72 Inspektor ochrony danych osobowych<\/strong><\/p><p>MSI nie powo\u0142uje Inspektora Ochrony Danych. We wszelkich sprawach dotycz\u0105cych przetwarzania danych mo\u017cna skontaktowa\u0107 si\u0119 z Administratorem Systemu Informatycznego pod adresem e-mail: biuro@msint.pl<\/p><p><strong>\u00a73 Cele i podstawy przetwarzania<\/strong><\/p><p>Cele i podstawy przetwarzania Pani\/Pana danych osobowych b\u0119d\u0105 zawsze zgodne z aktualnie obowi\u0105zuj\u0105cym prawem, w tym z RODO.<\/p><p>Podstaw\u0105 przetwarzania danych mo\u017ce by\u0107: zgoda na przetwarzanie, wykonywanie lub zawarcie umowy, obowi\u0105zek prawny spoczywaj\u0105cy na Administratorze, prawnie uzasadnione interesy Administratora.<\/p><p>W przypadku przetwarzania danych na podstawie zgody, w ka\u017cdej chwili przys\u0142uguje Pani\/Panu prawo do zmiany zgody co do zakresu przetwarzania lub do jej wycofania. Cofni\u0119cie zgody nie wp\u0142ywa na zgodno\u015b\u0107 z prawem przetwarzania, kt\u00f3rego dokonano na podstawie Pani\/Pana zgody przed jej wycofaniem.<\/p><p><strong>\u00a74 Prawo do sprzeciwu<\/strong><\/p><p>W ka\u017cdej chwili przys\u0142uguje Pani\/Panu prawo do wniesienia sprzeciwu wobec przetwarzania Pani\/Pana danych osobowych. Firma MSI przestanie przetwarza\u0107 Pani\/Pana dane osobowe, chyba \u017ce b\u0119dzie w stanie wykaza\u0107, \u017ce w stosunku do Pani\/Pana danych istnieje dla MSI wa\u017cne prawnie uzasadnione podstawy, kt\u00f3re s\u0105 nadrz\u0119dne wobec Pani\/Pana interes\u00f3w, praw i wolno\u015bci, lub Pani\/Pana dane s\u0105 MSI potrzebne do ewentualnego ustalenia, dochodzenia lub obrony roszcze\u0144.<\/p><p>W ka\u017cdej chwili przys\u0142uguje Pani\/Panu prawo do wniesienia sprzeciwu wobec przetwarzania Pani\/Pana danych w celu prowadzenia marketingu bezpo\u015bredniego (otrzymywanie newslettera). Je\u015bli skorzysta Pani\/Pan z tego prawa &#8211; MSI zaprzestanie przetwarzania danych w tym celu.<\/p><p><strong>\u00a75 Okres przechowywania danych<\/strong><\/p><p>Pani\/Pana dane osobowe b\u0119d\u0105 przetwarzane tak d\u0142ugo, jak d\u0142ugo b\u0119d\u0105 do tego istnie\u0107 podstawy prawne i faktyczne.<\/p><p>Dane przetwarzane dla potrzeb marketingu bezpo\u015bredniego oferowanych przez MSI produkt\u00f3w i us\u0142ug mog\u0105 by\u0107 przetwarzane do momentu otrzymania sprzeciwu co do ich przetwarzania w tym celu, lub MSI ustali, \u017ce Pani\/Pana dane si\u0119 zdezaktualizowa\u0142y.<\/p><p><strong>\u00a76 Odbiorcy danych<\/strong><\/p><p>Pani\/Pana dane mog\u0105 zosta\u0107 przekazane nast\u0119puj\u0105cym podmiotom:<\/p><ul class=\"wp-block-list\"><li>podwykonawcom (podmioty przetwarzaj\u0105ce), takim jak firmy kurierskie i spedycyjne (w celu dor\u0119czenia przesy\u0142ek), firmy prawnicze, informatyczne, wykonawcy us\u0142ug na zlecenie MSI ,<\/li><li>wszelkie instytucje pa\u0144stwowe i publiczne na bazie obowi\u0105zuj\u0105cego prawa,<\/li><li>na podstawie odr\u0119bnej zgody partnerzy MSI w celu uzyskania specjalnej oferty<\/li><\/ul><p>W przypadku, gdy siedziba centrali podmiotu, kt\u00f3remu przekazywane s\u0105 Pa\u0144stwa dane znajduje si\u0119 poza Europejskim Obszarem Gospodarczym Pa\u0144stwa dane mog\u0105 zosta\u0107 tam przekazane. Dotyczy to w szczeg\u00f3lno\u015bci firm kurierskich i spedycyjnych oraz partner\u00f3w firmy MSI.<\/p><p><strong>\u00a77 Prawa os\u00f3b, kt\u00f3rych dane dotycz\u0105<\/strong><\/p><p>Zgodnie z RODO przys\u0142uguje Pani\/Panu:<\/p><p>prawo do dost\u0119pu do Pani\/Pana danych oraz otrzymania ich kopii;<br>\nprawo do sprostowania (poprawiania) Pani\/Pana danych;<br>\nprawo do ograniczenia przetwarzania danych;<br>\nprawo do usuni\u0119cia Pani\/Pana danych;<br>\nprawo do wniesienia sprzeciwu wobec przetwarzania Pani\/Pana danych;<br>\nprawo do przenoszenia danych;<br>\nprawo do wniesienia skargi do organu nadzorczego.<\/p><p><strong>\u00a78 Informacja o wymogu\/dobrowolno\u015bci podania danych<\/strong><\/p><p>Podanie danych ma charakter dobrowolny, ale mo\u017ce by\u0107 konieczne do zawarcia lub wykonania umowy lub prowadzenia innych zgodnych z prawem dzia\u0142a\u0144.<\/p><p><strong>\u00a7<\/strong>9 <strong>Gromadzenie, pozyskiwanie, zakres i cel zbierania danych osobowych<\/strong><\/p><ol class=\"wp-block-list\"><li>Administrator informuje U\u017cytkownik\u00f3w, \u017ce powierza przetwarzanie danych osobowych nast\u0119puj\u0105cym podmiotom:<br>&#8211; Edrone Sp. z o.o., ul. Lekarska 1, 31-203 Krak\u00f3w, NIP: 676-248-20-64, KRS: 0000537197 \u2013 w celu korzystania z systemu mailingowego edrone.me, s\u0142u\u017c\u0105cego do przesy\u0142ania newslettera,<br>&#8211; Edrone Sp. z o.o., ul. Lekarska 1, 31-203 Krak\u00f3w, NIP: 676-248-20-64, KRS: 0000537197: \u2013 w celach marketingowych tylko i wy\u0142\u0105cznie na potrzeby kampanii emali, sms, social media uruchomionej lub wskazanej przez Administratora za pomoc\u0105 systemu edrone,<br>\u200b<br>\u200b<\/li><li>Administrator informuje, \u017ce stosuje nast\u0119puj\u0105ce technologie \u015bledz\u0105ce dzia\u0142ania podejmowane przez u\u017cytkownika\/Klienta w ramach strony internetowej Sklepu:<br>\u200b<br>&#8211; kody \u015bledzenia edrone \u2013 w celu analizy statystyk strony internetowej Sklepu, a tak\u017ce w celach marketingowych tylko i wy\u0142\u0105cznie na potrzeby kampanii e-mali, sms, social media uruchomionej lub wskazanej przez Administratora za pomoc\u0105 systemu edrone.<\/li><\/ol>","protected":false},"excerpt":{"rendered":"<p>INFORMACJA O PRZETWARZANIU DANYCH OSOBOWYCH Szanowni Klienci, Pa\u0144stwa prywatno\u015b\u0107 jest dla nas bardzo wa\u017cna. Rozumiemy, jak wa\u017cna jest ochrona Pa\u0144stwa danych osobowych w zgodzie z Rozporz\u0105dzeniem Parlamentu Europejskiego i Rady (UE) 2016\/679 z dnia 27 kwietnia 2016 r. w sprawie ochrony os\u00f3b fizycznych w zwi\u0105zku z przetwarzaniem danych osobowych i w sprawie swobodnego przep\u0142ywu takich [&hellip;]<\/p>\n","protected":false},"author":1,"featured_media":0,"parent":0,"menu_order":0,"comment_status":"closed","ping_status":"open","template":"","meta":{"footnotes":""},"class_list":["post-3","page","type-page","status-publish","hentry"],"_links":{"self":[{"href":"https:\/\/radomiak.sklep.pl\/index.php?rest_route=\/wp\/v2\/pages\/3"}],"collection":[{"href":"https:\/\/radomiak.sklep.pl\/index.php?rest_route=\/wp\/v2\/pages"}],"about":[{"href":"https:\/\/radomiak.sklep.pl\/index.php?rest_route=\/wp\/v2\/types\/page"}],"author":[{"embeddable":true,"href":"https:\/\/radomiak.sklep.pl\/index.php?rest_route=\/wp\/v2\/users\/1"}],"replies":[{"embeddable":true,"href":"https:\/\/radomiak.sklep.pl\/index.php?rest_route=%2Fwp%2Fv2%2Fcomments&post=3"}],"version-history":[{"count":4,"href":"https:\/\/radomiak.sklep.pl\/index.php?rest_route=\/wp\/v2\/pages\/3\/revisions"}],"predecessor-version":[{"id":39028,"href":"https:\/\/radomiak.sklep.pl\/index.php?rest_route=\/wp\/v2\/pages\/3\/revisions\/39028"}],"wp:attachment":[{"href":"https:\/\/radomiak.sklep.pl\/index.php?rest_route=%2Fwp%2Fv2%2Fmedia&parent=3"}],"curies":[{"name":"wp","href":"https:\/\/api.w.org\/{rel}","templated":true}]}}