{"id":32,"date":"2019-07-07T11:15:12","date_gmt":"2019-07-07T09:15:12","guid":{"rendered":"https:\/\/radomiak.pl\/sklep\/?page_id=32"},"modified":"2020-03-31T11:10:11","modified_gmt":"2020-03-31T09:10:11","slug":"platnosc","status":"publish","type":"page","link":"https:\/\/radomiak.sklep.pl\/?page_id=32","title":{"rendered":"P\u0142atno\u015b\u0107"},"content":{"rendered":"<p><strong>W naszym sklepie za z\u0142o\u017cone zam\u00f3wienie zap\u0142acisz na dwa sposoby:<br>&#8211; p\u0142atno\u015bci\u0105 on-line przelewem, BLIK lub PayPal,<br>&#8211; przy odbiorze przesy\u0142ki kurierowi lub w paczkomacie.<\/strong><\/p><p><strong>P\u0142atno\u015bci on-line obs\u0142uguje serwis Przelewy24.<\/strong><\/p><p><strong>Poni\u017cej lista dost\u0119pnych metod p\u0142atno\u015bci on-line.<\/strong><\/p><div class=\"wp-block-image\"><figure class=\"aligncenter\"><img loading=\"lazy\" decoding=\"async\" width=\"1024\" height=\"392\" src=\"https:\/\/radomiak.sklep.pl\/wp-content\/uploads\/2020\/03\/platnosci-dostepne-metody-1024x392.jpg\" alt=\"\" class=\"wp-image-596\" srcset=\"https:\/\/radomiak.sklep.pl\/wp-content\/uploads\/2020\/03\/platnosci-dostepne-metody-1024x392.jpg 1024w, https:\/\/radomiak.sklep.pl\/wp-content\/uploads\/2020\/03\/platnosci-dostepne-metody-600x229.jpg 600w, https:\/\/radomiak.sklep.pl\/wp-content\/uploads\/2020\/03\/platnosci-dostepne-metody-300x115.jpg 300w, https:\/\/radomiak.sklep.pl\/wp-content\/uploads\/2020\/03\/platnosci-dostepne-metody-768x294.jpg 768w, https:\/\/radomiak.sklep.pl\/wp-content\/uploads\/2020\/03\/platnosci-dostepne-metody.jpg 1441w\" sizes=\"(max-width: 1024px) 100vw, 1024px\" \/><\/figure><\/div>","protected":false},"excerpt":{"rendered":"<p>W naszym sklepie za z\u0142o\u017cone zam\u00f3wienie zap\u0142acisz na dwa sposoby:&#8211; p\u0142atno\u015bci\u0105 on-line przelewem, BLIK lub PayPal,&#8211; przy odbiorze przesy\u0142ki kurierowi lub w paczkomacie. P\u0142atno\u015bci on-line obs\u0142uguje serwis Przelewy24. Poni\u017cej lista dost\u0119pnych metod p\u0142atno\u015bci on-line.<\/p>\n","protected":false},"author":1,"featured_media":0,"parent":0,"menu_order":0,"comment_status":"closed","ping_status":"closed","template":"","meta":{"footnotes":""},"class_list":["post-32","page","type-page","status-publish","hentry"],"_links":{"self":[{"href":"https:\/\/radomiak.sklep.pl\/index.php?rest_route=\/wp\/v2\/pages\/32"}],"collection":[{"href":"https:\/\/radomiak.sklep.pl\/index.php?rest_route=\/wp\/v2\/pages"}],"about":[{"href":"https:\/\/radomiak.sklep.pl\/index.php?rest_route=\/wp\/v2\/types\/page"}],"author":[{"embeddable":true,"href":"https:\/\/radomiak.sklep.pl\/index.php?rest_route=\/wp\/v2\/users\/1"}],"replies":[{"embeddable":true,"href":"https:\/\/radomiak.sklep.pl\/index.php?rest_route=%2Fwp%2Fv2%2Fcomments&post=32"}],"version-history":[{"count":8,"href":"https:\/\/radomiak.sklep.pl\/index.php?rest_route=\/wp\/v2\/pages\/32\/revisions"}],"predecessor-version":[{"id":597,"href":"https:\/\/radomiak.sklep.pl\/index.php?rest_route=\/wp\/v2\/pages\/32\/revisions\/597"}],"wp:attachment":[{"href":"https:\/\/radomiak.sklep.pl\/index.php?rest_route=%2Fwp%2Fv2%2Fmedia&parent=32"}],"curies":[{"name":"wp","href":"https:\/\/api.w.org\/{rel}","templated":true}]}}