{"id":34,"date":"2019-07-07T11:15:28","date_gmt":"2019-07-07T09:15:28","guid":{"rendered":"https:\/\/radomiak.pl\/sklep\/?page_id=34"},"modified":"2024-08-29T15:23:34","modified_gmt":"2024-08-29T13:23:34","slug":"wysylka","status":"publish","type":"page","link":"https:\/\/radomiak.sklep.pl\/?page_id=34","title":{"rendered":"Wysy\u0142ka"},"content":{"rendered":"<p><strong>Produkty zam\u00f3wione w naszym sklepie dor\u0119czane s\u0105 do Pa\u0144stwa na terenie kraju za pomoc\u0105 firmy kurierskiej DPD, Poczty Polskiej oraz InPost.<\/strong> <strong>Paczki nie s\u0105 dostarczane w soboty, niedziele i \u015bwi\u0119ta.<\/strong><\/p><p><strong>Koszt wysy\u0142ki na terenie Polski:<\/strong><\/p><ul id=\"shipping_method\" class=\"wp-block-list\"><li>DPD do punktu:\u00a0<strong>16,00\u00a0z\u0142<\/strong><\/li>\n\n<li>Pocztex do punktu (Poczta, \u017babka):\u00a0<strong>17,00\u00a0z\u0142<\/strong><\/li>\n\n<li>Paczkomat InPost:\u00a0<strong>18,00\u00a0z\u0142<\/strong><\/li>\n\n<li>Kurier InPost do drzwi:\u00a0<strong>20,00\u00a0z\u0142<\/strong><\/li>\n\n<li>Kurier InPost do drzwi (za pobraniem):\u00a0<strong>25,00\u00a0z\u0142<\/strong><\/li>\n\n<li><strong>Darmowa dostawa w Polsce (dla zam\u00f3wie\u0144 od 350 z\u0142)<\/strong><\/li><\/ul><p><strong>Realizujemy r\u00f3wnie\u017c wysy\u0142k\u0119 do kraj\u00f3w Unii Europejskiej za pomoc\u0105 firmy kurierskiej DPD lub Fedex. Koszt wysy\u0142ki do kraj\u00f3w UE jest uzale\u017cniony od kraju odbioru paczki.<\/strong><\/p>","protected":false},"excerpt":{"rendered":"<p>Produkty zam\u00f3wione w naszym sklepie dor\u0119czane s\u0105 do Pa\u0144stwa na terenie kraju za pomoc\u0105 firmy kurierskiej DPD, Poczty Polskiej oraz InPost. Paczki nie s\u0105 dostarczane w soboty, niedziele i \u015bwi\u0119ta. Koszt wysy\u0142ki na terenie Polski: Realizujemy r\u00f3wnie\u017c wysy\u0142k\u0119 do kraj\u00f3w Unii Europejskiej za pomoc\u0105 firmy kurierskiej DPD lub Fedex. Koszt wysy\u0142ki do kraj\u00f3w UE jest [&hellip;]<\/p>\n","protected":false},"author":1,"featured_media":0,"parent":0,"menu_order":0,"comment_status":"closed","ping_status":"closed","template":"","meta":{"footnotes":""},"class_list":["post-34","page","type-page","status-publish","hentry"],"_links":{"self":[{"href":"https:\/\/radomiak.sklep.pl\/index.php?rest_route=\/wp\/v2\/pages\/34"}],"collection":[{"href":"https:\/\/radomiak.sklep.pl\/index.php?rest_route=\/wp\/v2\/pages"}],"about":[{"href":"https:\/\/radomiak.sklep.pl\/index.php?rest_route=\/wp\/v2\/types\/page"}],"author":[{"embeddable":true,"href":"https:\/\/radomiak.sklep.pl\/index.php?rest_route=\/wp\/v2\/users\/1"}],"replies":[{"embeddable":true,"href":"https:\/\/radomiak.sklep.pl\/index.php?rest_route=%2Fwp%2Fv2%2Fcomments&post=34"}],"version-history":[{"count":12,"href":"https:\/\/radomiak.sklep.pl\/index.php?rest_route=\/wp\/v2\/pages\/34\/revisions"}],"predecessor-version":[{"id":56812,"href":"https:\/\/radomiak.sklep.pl\/index.php?rest_route=\/wp\/v2\/pages\/34\/revisions\/56812"}],"wp:attachment":[{"href":"https:\/\/radomiak.sklep.pl\/index.php?rest_route=%2Fwp%2Fv2%2Fmedia&parent=34"}],"curies":[{"name":"wp","href":"https:\/\/api.w.org\/{rel}","templated":true}]}}