{"id":52822,"date":"2025-05-13T10:41:25","date_gmt":"2025-05-13T08:41:25","guid":{"rendered":"http:\/\/radomiak.sklep.pl\/?post_type=product&#038;p=52822"},"modified":"2026-02-15T12:40:24","modified_gmt":"2026-02-15T11:40:24","slug":"koszulka-meczowa-adidas-ekstraklasa-24-25-czarna","status":"publish","type":"product","link":"https:\/\/radomiak.sklep.pl\/?product=koszulka-meczowa-adidas-ekstraklasa-24-25-czarna","title":{"rendered":"Koszulka meczowa Adidas Ekstraklasa 24\/25 &#8211; czarna"},"content":{"rendered":"","protected":false},"excerpt":{"rendered":"<ul>\n<li>Oryginalna koszulka meczowa Adidas<\/li>\n<li>Sezon 2024\/2025 Ekstraklasa<\/li>\n<li>Model wyprodukowany wy\u0142\u0105cznie dla Radomiaka<\/li>\n<li>100% poliester<\/li>\n<li>Wersja podstawowa: bez logo LOTTO\/FORTUNA<\/li>\n<li>Nazwisko\/Nr wykonujemy z\u0142ot\u0105 foli\u0105 jak na zdj\u0119ciu<\/li>\n<\/ul>\n<p><img loading=\"lazy\" decoding=\"async\" class=\"alignleft wp-image-735\" src=\"https:\/\/radomiak.sklep.pl\/wp-content\/uploads\/2020\/03\/rozmiarowka.png\" alt=\"\" width=\"160\" height=\"204\" \/><\/p>\n<p><strong>Tabela rozmiar\u00f3w (A\/B)<br \/>\n<\/strong><em>Tolerancja +\/- 2 cm<br \/>\n<\/em><strong>XS: <\/strong>44\/68 cm<strong><br \/>\nS:<\/strong> 47\/71 cm<br \/>\n<strong>M:<\/strong> 50\/74 cm<br \/>\n<strong>L:<\/strong> 54\/77 cm<br \/>\n<strong>XL:<\/strong> 59\/79 cm<br \/>\n<strong>XXL:<\/strong> 62\/81 cm<br \/>\n<strong>XXXL:<\/strong> 69\/84 cm<\/p>\n","protected":false},"featured_media":52824,"template":"","meta":[],"product_cat":[120,89,18,32,78,20,80],"product_tag":[],"class_list":{"0":"post-52822","1":"product","2":"type-product","3":"status-publish","4":"has-post-thumbnail","6":"product_cat-adidas","7":"product_cat-klubowe","8":"product_cat-odziez","9":"product_cat-dla-niego","10":"product_cat-koszulki-meskie","11":"product_cat-dla-dziecka","12":"product_cat-koszulki-dzieciece","14":"first","15":"instock","16":"sale","17":"shipping-taxable","18":"purchasable","19":"product-type-variable"},"_links":{"self":[{"href":"https:\/\/radomiak.sklep.pl\/index.php?rest_route=\/wp\/v2\/product\/52822"}],"collection":[{"href":"https:\/\/radomiak.sklep.pl\/index.php?rest_route=\/wp\/v2\/product"}],"about":[{"href":"https:\/\/radomiak.sklep.pl\/index.php?rest_route=\/wp\/v2\/types\/product"}],"wp:featuredmedia":[{"embeddable":true,"href":"https:\/\/radomiak.sklep.pl\/index.php?rest_route=\/wp\/v2\/media\/52824"}],"wp:attachment":[{"href":"https:\/\/radomiak.sklep.pl\/index.php?rest_route=%2Fwp%2Fv2%2Fmedia&parent=52822"}],"wp:term":[{"taxonomy":"product_cat","embeddable":true,"href":"https:\/\/radomiak.sklep.pl\/index.php?rest_route=%2Fwp%2Fv2%2Fproduct_cat&post=52822"},{"taxonomy":"product_tag","embeddable":true,"href":"https:\/\/radomiak.sklep.pl\/index.php?rest_route=%2Fwp%2Fv2%2Fproduct_tag&post=52822"}],"curies":[{"name":"wp","href":"https:\/\/api.w.org\/{rel}","templated":true}]}}