{"id":60607,"date":"2025-04-22T13:37:49","date_gmt":"2025-04-22T11:37:49","guid":{"rendered":"https:\/\/radomiak.sklep.pl\/?post_type=product&#038;p=60607"},"modified":"2026-02-09T08:52:25","modified_gmt":"2026-02-09T07:52:25","slug":"koszulka-sportowa-herby-radomiak-radom-zielona","status":"publish","type":"product","link":"https:\/\/radomiak.sklep.pl\/?product=koszulka-sportowa-herby-radomiak-radom-zielona","title":{"rendered":"Koszulka sportowa herby Radomiak Radom &#8211; zielona"},"content":{"rendered":"","protected":false},"excerpt":{"rendered":"<p>Koszulka wykonana z wysokiej jako\u015bci wytrzyma\u0142ego i elastycznego poliestru o klasycznym kroju. Materia\u0142 odprowadza pot na zewn\u0105trz. Odpowiednia na ka\u017cd\u0105 pogod\u0119 i ka\u017cd\u0105 por\u0119 roku. Dedykowany na co dzie\u0144 i na trening, np. w fitness clubie.<\/p>\n<ul>\n<li>Polski Producent<\/li>\n<li>100% elastyczny poliester<\/li>\n<li>Koszulka sportowa<\/li>\n<li>Materia\u0142 oddychaj\u0105cy, rozci\u0105gliwy<\/li>\n<\/ul>\n<p><img loading=\"lazy\" decoding=\"async\" class=\"alignleft wp-image-735\" src=\"https:\/\/radomiak.sklep.pl\/wp-content\/uploads\/2020\/03\/rozmiarowka.png\" alt=\"\" width=\"160\" height=\"204\" \/><\/p>\n<p><strong>Tabela rozmiar\u00f3w (A\/B)<br \/>\n<\/strong><em>Tolerancja +\/- 1 cm<\/em><br \/>\n<strong>116:<\/strong> 35\/51 cm<strong><br \/>\n<\/strong><strong>128: <\/strong>38\/55 cm<strong><br \/>\n140: <\/strong>40\/58 cm<strong><br \/>\n152: <\/strong>43\/62 cm<strong><br \/>\n164: <\/strong>46\/65 cm<strong><br \/>\nXS: <\/strong>48\/65 cm<strong><br \/>\nS:<\/strong> 50\/70 cm<br \/>\n<strong>M:<\/strong> 53\/72 cm<br \/>\n<strong>L:<\/strong> 55\/75 cm<br \/>\n<strong>XL:<\/strong> 58\/77 cm<br \/>\n<strong>XXL:<\/strong> 60\/80 cm<br \/>\n<strong>XXXL:\u00a0<\/strong>62\/82 cm<\/p>\n","protected":false},"featured_media":60635,"template":"","meta":[],"product_cat":[90,127,18,32,78,20,80],"product_tag":[],"class_list":{"0":"post-60607","1":"product","2":"type-product","3":"status-publish","4":"has-post-thumbnail","6":"product_cat-kibicowskie","7":"product_cat-nowosc","8":"product_cat-odziez","9":"product_cat-dla-niego","10":"product_cat-koszulki-meskie","11":"product_cat-dla-dziecka","12":"product_cat-koszulki-dzieciece","14":"first","15":"instock","16":"shipping-taxable","17":"purchasable","18":"product-type-variable"},"_links":{"self":[{"href":"https:\/\/radomiak.sklep.pl\/index.php?rest_route=\/wp\/v2\/product\/60607"}],"collection":[{"href":"https:\/\/radomiak.sklep.pl\/index.php?rest_route=\/wp\/v2\/product"}],"about":[{"href":"https:\/\/radomiak.sklep.pl\/index.php?rest_route=\/wp\/v2\/types\/product"}],"wp:featuredmedia":[{"embeddable":true,"href":"https:\/\/radomiak.sklep.pl\/index.php?rest_route=\/wp\/v2\/media\/60635"}],"wp:attachment":[{"href":"https:\/\/radomiak.sklep.pl\/index.php?rest_route=%2Fwp%2Fv2%2Fmedia&parent=60607"}],"wp:term":[{"taxonomy":"product_cat","embeddable":true,"href":"https:\/\/radomiak.sklep.pl\/index.php?rest_route=%2Fwp%2Fv2%2Fproduct_cat&post=60607"},{"taxonomy":"product_tag","embeddable":true,"href":"https:\/\/radomiak.sklep.pl\/index.php?rest_route=%2Fwp%2Fv2%2Fproduct_tag&post=60607"}],"curies":[{"name":"wp","href":"https:\/\/api.w.org\/{rel}","templated":true}]}}