{"id":67142,"date":"2026-03-24T14:17:19","date_gmt":"2026-03-24T13:17:19","guid":{"rendered":"https:\/\/radomiak.sklep.pl\/?post_type=product&#038;p=67142"},"modified":"2026-05-08T08:49:49","modified_gmt":"2026-05-08T06:49:49","slug":"koszulka-radomiak-najwierniejsi-zielona","status":"publish","type":"product","link":"https:\/\/radomiak.sklep.pl\/?product=koszulka-radomiak-najwierniejsi-zielona","title":{"rendered":"Koszulka Radomiak Najwierniejsi &#8211; zielona"},"content":{"rendered":"","protected":false},"excerpt":{"rendered":"<p data-start=\"63\" data-end=\"110\"><strong data-start=\"63\" data-end=\"110\">Koszulka \u201eNajwierniejsi Radomiak\u201d \u2013 zielona<\/strong><\/p>\n<p data-start=\"112\" data-end=\"425\">Poka\u017c swoje przywi\u0105zanie do Radomiaka w najlepszym stylu! Zielona koszulka \u201eNajwierniejsi\u201d to idealny wyb\u00f3r dla ka\u017cdego fana, kt\u00f3ry chce wyr\u00f3\u017cni\u0107 si\u0119 zar\u00f3wno na stadionie, jak i na co dzie\u0144. Wyrazisty nadruk na froncie przyci\u0105ga uwag\u0119, a subtelny napis \u201eTylko Radomiak\u201d na plecach podkre\u015bla lojalno\u015b\u0107 wobec klubu. Wykonana z wysokiej jako\u015bci bawe\u0142ny, zapewnia komfort noszenia i trwa\u0142o\u015b\u0107 nawet po wielu praniach. Klasyczny kr\u00f3j sprawia, \u017ce \u015bwietnie dopasowuje si\u0119 do sylwetki.<\/p>\n<p data-start=\"591\" data-end=\"735\">\u2714\ufe0f Wyrazisty nadruk kibicowski<br data-start=\"621\" data-end=\"624\" \/>\u2714\ufe0f Wygodny, oddychaj\u0105cy materia\u0142<br data-start=\"656\" data-end=\"659\" \/>\u2714\ufe0f Idealna na mecz i na co dzie\u0144<br data-start=\"691\" data-end=\"694\" \/>\u2714\ufe0f Must-have dla ka\u017cdego fana Radomiaka<\/p>\n<p data-start=\"737\" data-end=\"759\" data-is-last-node=\"\" data-is-only-node=\"\"><strong data-start=\"737\" data-end=\"756\">Tylko Radomiak!<\/strong> ?<\/p>\n<p><img loading=\"lazy\" decoding=\"async\" class=\"alignleft wp-image-735\" src=\"https:\/\/radomiak.sklep.pl\/wp-content\/uploads\/2020\/03\/rozmiarowka.png\" alt=\"\" width=\"160\" height=\"204\" \/><\/p>\n<p><strong>Tabela rozmiar\u00f3w (A\/B)<br \/>\n<\/strong><em>Tolerancja +\/- 2 cm<\/em><br \/>\n<strong>XS:\u00a0<\/strong>45\/68 cm<strong><br \/>\nS:<\/strong> 48\/70 cm<br \/>\n<strong>M:<\/strong> 51\/72 cm<br \/>\n<strong>L:<\/strong> 54\/74 cm<br \/>\n<strong>XL:<\/strong> 57\/76 cm<br \/>\n<strong>XXL:<\/strong> 60\/78 cm<br \/>\n<strong>XXXL:<\/strong> 63\/80 cm<\/p>\n","protected":false},"featured_media":67150,"template":"","meta":[],"product_cat":[90,127,18,32,78],"product_tag":[],"class_list":{"0":"post-67142","1":"product","2":"type-product","3":"status-publish","4":"has-post-thumbnail","6":"product_cat-kibicowskie","7":"product_cat-nowosc","8":"product_cat-odziez","9":"product_cat-dla-niego","10":"product_cat-koszulki-meskie","12":"first","13":"instock","14":"shipping-taxable","15":"purchasable","16":"product-type-variable"},"_links":{"self":[{"href":"https:\/\/radomiak.sklep.pl\/index.php?rest_route=\/wp\/v2\/product\/67142"}],"collection":[{"href":"https:\/\/radomiak.sklep.pl\/index.php?rest_route=\/wp\/v2\/product"}],"about":[{"href":"https:\/\/radomiak.sklep.pl\/index.php?rest_route=\/wp\/v2\/types\/product"}],"wp:featuredmedia":[{"embeddable":true,"href":"https:\/\/radomiak.sklep.pl\/index.php?rest_route=\/wp\/v2\/media\/67150"}],"wp:attachment":[{"href":"https:\/\/radomiak.sklep.pl\/index.php?rest_route=%2Fwp%2Fv2%2Fmedia&parent=67142"}],"wp:term":[{"taxonomy":"product_cat","embeddable":true,"href":"https:\/\/radomiak.sklep.pl\/index.php?rest_route=%2Fwp%2Fv2%2Fproduct_cat&post=67142"},{"taxonomy":"product_tag","embeddable":true,"href":"https:\/\/radomiak.sklep.pl\/index.php?rest_route=%2Fwp%2Fv2%2Fproduct_tag&post=67142"}],"curies":[{"name":"wp","href":"https:\/\/api.w.org\/{rel}","templated":true}]}}