{"id":709,"date":"2025-05-20T11:49:40","date_gmt":"2025-05-20T09:49:40","guid":{"rendered":"http:\/\/radomiak.sklep.pl\/?post_type=product&#038;p=709"},"modified":"2025-12-04T15:30:19","modified_gmt":"2025-12-04T14:30:19","slug":"flaga-materialowa-radomiak","status":"publish","type":"product","link":"https:\/\/radomiak.sklep.pl\/?product=flaga-materialowa-radomiak","title":{"rendered":"Flaga materia\u0142owa Radomiak"},"content":{"rendered":"","protected":false},"excerpt":{"rendered":"<ul>\n<li>Sze\u015b\u0107 troczk\u00f3w<\/li>\n<li>88 x 57 cm<\/li>\n<\/ul>\n","protected":false},"featured_media":630,"template":"","meta":[],"product_cat":[89,19],"product_tag":[],"class_list":{"0":"post-709","1":"product","2":"type-product","3":"status-publish","4":"has-post-thumbnail","6":"product_cat-klubowe","7":"product_cat-gadzety","9":"first","10":"instock","11":"shipping-taxable","12":"purchasable","13":"product-type-simple"},"_links":{"self":[{"href":"https:\/\/radomiak.sklep.pl\/index.php?rest_route=\/wp\/v2\/product\/709"}],"collection":[{"href":"https:\/\/radomiak.sklep.pl\/index.php?rest_route=\/wp\/v2\/product"}],"about":[{"href":"https:\/\/radomiak.sklep.pl\/index.php?rest_route=\/wp\/v2\/types\/product"}],"wp:featuredmedia":[{"embeddable":true,"href":"https:\/\/radomiak.sklep.pl\/index.php?rest_route=\/wp\/v2\/media\/630"}],"wp:attachment":[{"href":"https:\/\/radomiak.sklep.pl\/index.php?rest_route=%2Fwp%2Fv2%2Fmedia&parent=709"}],"wp:term":[{"taxonomy":"product_cat","embeddable":true,"href":"https:\/\/radomiak.sklep.pl\/index.php?rest_route=%2Fwp%2Fv2%2Fproduct_cat&post=709"},{"taxonomy":"product_tag","embeddable":true,"href":"https:\/\/radomiak.sklep.pl\/index.php?rest_route=%2Fwp%2Fv2%2Fproduct_tag&post=709"}],"curies":[{"name":"wp","href":"https:\/\/api.w.org\/{rel}","templated":true}]}}