{"id":8645,"date":"2021-10-01T10:05:56","date_gmt":"2021-10-01T08:05:56","guid":{"rendered":"http:\/\/radomiak.sklep.pl\/?post_type=product&#038;p=8645"},"modified":"2026-02-10T09:57:51","modified_gmt":"2026-02-10T08:57:51","slug":"komin-polarowy-radomiak-czarny","status":"publish","type":"product","link":"https:\/\/radomiak.sklep.pl\/?product=komin-polarowy-radomiak-czarny","title":{"rendered":"Komin polarowy moro Radomiak &#8211; czarny"},"content":{"rendered":"","protected":false},"excerpt":{"rendered":"<ul>\n<li>Wk\u0142adany przez g\u0142ow\u0119<\/li>\n<li>\u015aci\u0105gacz<\/li>\n<\/ul>\n","protected":false},"featured_media":64482,"template":"","meta":[],"product_cat":[89,137,19],"product_tag":[],"class_list":{"0":"post-8645","1":"product","2":"type-product","3":"status-publish","4":"has-post-thumbnail","6":"product_cat-klubowe","7":"product_cat-zima","8":"product_cat-gadzety","10":"first","11":"instock","12":"shipping-taxable","13":"purchasable","14":"product-type-simple"},"_links":{"self":[{"href":"https:\/\/radomiak.sklep.pl\/index.php?rest_route=\/wp\/v2\/product\/8645"}],"collection":[{"href":"https:\/\/radomiak.sklep.pl\/index.php?rest_route=\/wp\/v2\/product"}],"about":[{"href":"https:\/\/radomiak.sklep.pl\/index.php?rest_route=\/wp\/v2\/types\/product"}],"wp:featuredmedia":[{"embeddable":true,"href":"https:\/\/radomiak.sklep.pl\/index.php?rest_route=\/wp\/v2\/media\/64482"}],"wp:attachment":[{"href":"https:\/\/radomiak.sklep.pl\/index.php?rest_route=%2Fwp%2Fv2%2Fmedia&parent=8645"}],"wp:term":[{"taxonomy":"product_cat","embeddable":true,"href":"https:\/\/radomiak.sklep.pl\/index.php?rest_route=%2Fwp%2Fv2%2Fproduct_cat&post=8645"},{"taxonomy":"product_tag","embeddable":true,"href":"https:\/\/radomiak.sklep.pl\/index.php?rest_route=%2Fwp%2Fv2%2Fproduct_tag&post=8645"}],"curies":[{"name":"wp","href":"https:\/\/api.w.org\/{rel}","templated":true}]}}

<ul>
<li>Wkładany przez głowę</li>
<li>Ściągacz</li>
</ul>
